 k = j - g. What are the prime factors of k?
127
Suppose a - 5*l - 4523 = 0, 823 = a - 3*l - 3706. What are the prime factors of a?
2, 2269
Let d(k) = 53*k + 7. Let y(n) = n - 2. Let h(l) = d(l) - 2*y(l). List the prime factors of h(2).
113
Let j = -9533 - -13811. What are the prime factors of j?
2, 3, 23, 31
Suppose 2*j + 78 = 3*y, 4*y + 3*j - 64 = 40. Let f be y/((-1)/(-2) - 0). Suppose f*k = 46*k + 1512. List the prime factors of k.
2, 3, 7
Suppose -d - 6*v = -1906, -3*d - 2*v + 1198 = -4632. What are the prime factors of d?
2, 487
Let q(d) = d**2 + 25*d - 47. Let z be q(-27). Let t = 804 + z. List the prime factors of t.
811
Suppose 10*y - z = 8*y - 1, -2*y = 5*z + 7. Let q be (y + (-4)/(-6))/((-1)/(-12)). Let k = q + 119. What are the prime factors of k?
5, 23
Suppose -224*p - 3600 + 48176 = 0. List the prime factors of p.
199
Let z = 6256 + -3067. What are the prime factors of z?
3, 1063
What are the prime factors of (1 + 6/(-4))*491322/(-13)?
3, 6299
Suppose -4*l - 897 = -3489. Let z = -149 + l. List the prime factors of z.
499
What are the prime factors of (-2 - -3)*(7888 + 15) - -4?
7907
Let g(q) = 100*q**2 - 3*q. Let l(o) = o**3 - 3*o**2 - 29*o + 11. Let z be l(7). List the prime factors of g(z).
2, 397
Suppose 0 = 5*f + 2*v - 78, 2*v - 21 - 25 = -3*f. Suppose 20*l - f*l - 48 = 0. Suppose -l - 50 = -2*s. What are the prime factors of s?
31
List the prime factors of (-292)/(-657) - 150918/(-27).
2, 5, 13, 43
Let i = 33 - 31. Let s be -2*(-3)/12*i. Let l(h) = 84*h + 2. List the prime factors of l(s).
2, 43
Let p = -195 + 187. What are the prime factors of 201 + p/6*18/(-8)?
2, 3, 17
Suppose 18*h - 131 = 17*h + 2*f, h + 2*f - 115 = 0. What are the prime factors of h?
3, 41
Suppose 45*i - 10*i = 10500. What are the prime factors of i + (7 - 6) - 5?
2, 37
Suppose 204*a - 200*a - 17599 = -3*z, 4*z = 3*a - 13218. What are the prime factors of a?
2, 31, 71
Let a = -4 - 125. Suppose v + 23*p - 239 = 18*p, 0 = 2*v + p - 451. Let d = a + v. List the prime factors of d.
5, 19
Suppose 5*z = -v + 38 - 9, -2*v = z - 4. Let a be (z/(-4))/(30/(-40)). Suppose -n - 24 = -5*s, 5*n = -4*s - a - 2. What are the prime factors of s?
2
Suppose -2*b = -8*g + 3*g - 351, b - 3 = 0. Let j = g - -201. List the prime factors of j.
2, 3, 11
Let s = 386 + -383. Suppose s*d + 4*y = 2213, d - 4*d = y - 2216. What are the prime factors of d?
739
Suppose 3*l - 26831 = -27*m + 28*m, -4*l = -m - 35776. List the prime factors of l.
5, 1789
Let r(k) be the second derivative of 25*k**3/3 - 65*k**2 - 220*k - 1. List the prime factors of r(16).
2, 5, 67
Let f be 4/(-3)*165/22. Let x = 4 - f. Suppose -549 = -x*r + 5*r. List the prime factors of r.
61
Suppose 4*t + t - 2770 = 4*o, -3*o - 1659 = -3*t. What are the prime factors of t?
2, 3, 31
Let o(f) = f**2 + 7*f + 11. Let v = 59 - 53. Suppose -v*j + 19 = 67. What are the prime factors of o(j)?
19
Suppose -u + m = 5*m - 27, -4*u + 2*m + 54 = 0. Suppose 28*s = 33*s - u. Let y(v) = 18*v - 10. List the prime factors of y(s).
2, 11
Suppose 4*a - 2*f - 436 = 330, -2*f + 184 = a. Suppose 0 = 12*j - 13*j + a. Suppose 5*v - j = 5*t, 68 = -2*v + 3*v + 5*t. List the prime factors of v.
43
Let w be (4278 - -1)/((-6)/12*2). List the prime factors of (w/(-11))/((-2)/(0 + -2)).
389
Suppose 19*l - 11959 - 86233 = 0. What are the prime factors of l?
2, 17, 19
Suppose 581*j = 665*j - 716184. What are the prime factors of j?
2, 3, 7, 29
Suppose 0 = -3*g + 1026 - 36. Let m be g/(-4)*(6 - 8). Let b = m - 3. What are the prime factors of b?
2, 3
What are the prime factors of 296060/35*(190/20 - 6)?
2, 113, 131
Suppose 4*i = 3*g - 43109, 3*i = -12*g + 9*g + 43095. What are the prime factors of g?
3, 4789
Let q = 4821 + -1138. List the prime factors of q.
29, 127
Suppose -691800 = 6*m - 106*m. List the prime factors of m.
2, 3, 1153
Let r be 54/1 - -9 - (4 + -1). Suppose -66*f + 426 = -r*f. What are the prime factors of f?
71
Suppose -6*o + 231 + 213 = 0. Suppose 390 = o*l - 72*l. List the prime factors of l.
3, 5, 13
Let u = -4636 - -25536. List the prime factors of u.
2, 5, 11, 19
Suppose 0 = 50*t - 1511898 + 369348. List the prime factors of t.
3, 2539
Let t(i) be the second derivative of 9*i**5/20 - i**4/6 - i**3/6 + 9*i**2/2 + 3*i + 1. What are the prime factors of t(2)?
71
Let o(l) = -203*l**3 - 73*l**2 - 12*l - 9. What are the prime factors of o(-5)?
3, 7867
Suppose -12*o = -3*k - 7*o + 54197, 0 = 6*o + 6. What are the prime factors of k?
2, 1129
Suppose -11*i + m - 2617 = -7*i, -3*i + 4*m - 1953 = 0. Let v = -96 - i. List the prime factors of v.
13, 43
Suppose 0 = 12*x - 121759 + 15703. List the prime factors of x.
2, 3, 491
Let c(u) = -u. Let l be c(-1). Let x(h) be the third derivative of 29*h**6/12 - h**5/15 + h**4/12 + 3*h**2 - 3*h - 79. What are the prime factors of x(l)?
2, 3
Let b(w) = -10*w - 177. Let k be b(-35). Let f = 54 + k. What are the prime factors of f?
227
Let a(v) = 555*v**3 - 14*v**2 - 11*v - 11. What are the prime factors of a(4)?
3, 17, 691
Suppose -2*m = -k + 9431, -5*m - 2817 + 12255 = k. What are the prime factors of k?
9433
Let u(l) be the second derivative of -151*l**3/6 - 7*l**2/2 + 96*l + 1. What are the prime factors of u(-5)?
2, 11, 17
Let g(n) = -n**3 + 47*n**2 - 26*n - 22. Suppose -84 - 54 = -3*b. What are the prime factors of g(b)?
2, 449
Suppose -3*p + 138493 = -5*t + 527309, -3*p = -2*t + 155521. What are the prime factors of t?
5, 103, 151
Let d = -39 + -2. Let a = d - 9. List the prime factors of (-2)/5 - (-5)/a*-514.
3, 17
Let z(f) = -3*f + 23. Let c(i) = 2*i - 22. Let w(l) = 6*c(l) + 5*z(l). Let h be w(-7). Suppose h*o = 222 + 70. List the prime factors of o.
73
Let t = 1108 - -5737. What are the prime factors of t?
5, 37
Suppose -4*d - 681834 = -10*a, 0 = 2*a + 4*d - 21552 - 114834. What are the prime factors of a?
5, 13, 1049
Suppose 2*o - 6*o = -j + 2916, -j + o = -2928. List the prime factors of (j/12)/((-11)/(-33)).
733
Suppose 3*g = -5*j + 96366 - 1761, -5*j + 3*g = -94635. List the prime factors of j.
2, 3, 19, 83
Suppose -5*x - 70 = -4*u + 4, -3*u + 4*x + 56 = 0. Let p = u + -30. What are the prime factors of 1476/28 + (-4)/p?
53
Let g(i) = -6*i + 94. Let p be g(16). What are the prime factors of 1580/8 + (-5)/(p + 12)?
197
List the prime factors of ((-8674 + -2)/2)/(0 + -19 + 18).
2, 3, 241
Suppose 3*s = 0, 4*i - 6089 = 2*i - 2*s + 17349. List the prime factors of i.
11719
Let u be (-17)/(-4) - ((-4)/(-16) + 0). Suppose -2*c + 3*g + 1139 = 0, -9*g = -u*g - 15. List the prime factors of c.
2, 7, 41
Let c = 131 + -142. Let i be (-2)/c - 9993/(-33). Suppose 8*u - 300 = 3*u + 5*v, 5*u - i = 4*v. What are the prime factors of u?
3, 7
Suppose -35 = -2*i - 15. Suppose 3*c + 4*q - i = 2*q, -3*c + 5*q - 25 = 0. List the prime factors of c + -3 - -74 - (-3 - -1).
73
Suppose -31*k + 558596 = 215488. List the prime factors of k.
2, 2767
Let t(z) = 359*z**2 + 8*z - 420. What are the prime factors of t(12)?
2, 3, 1427
Let s = -298 - -499. Let o = 441 + s. What are the prime factors of o?
2, 3, 107
Let m be ((-21)/14 + 3)*-2. What are the prime factors of ((1675/20)/5)/(m/(-24))?
2, 67
Suppose 1527 - 6342 = -9*p. Suppose -3*w + 5*t + 742 - 206 = 0, 4*t = 3*w - p. What are the prime factors of w?
3, 59
Let x = -224 - -228. Suppose k - x*k = 5*p - 889, -k + 293 = p. What are the prime factors of k?
2, 3
Let g(h) = -8*h + 273. Let a be g(33). Suppose -40 = a*z - 2173. List the prime factors of z.
3, 79
Let a(c) = -4*c**2 + 14*c - 11. Let u be a(5). Let n(h) = -5*h - 165. What are the prime factors of n(u)?
2, 5
Let l = 212 + -209. Let k = -33 + 141. Suppose l*d - 348 = -3*u, 0*d + k = u - d. List the prime factors of u.
2, 7
Let x(o) = 1682*o - 2377. What are the prime factors of x(21)?
5, 11, 599
Suppose -4*h + 2*u - 4*u + 6 = 0, 0 = -3*h - 4*u - 3. Let d be (3/1)/((9/2)/h). Suppose d*x - 162 = 122. What are the prime factors of x?
2, 71
Suppose 0 = 318*m - 316*m + 2, 4*n + 5*m - 15211 = 0. What are the prime factors of n?
2, 3, 317
Suppose -224 - 11 = -5*i. Let o = i - 2. Let c = o - 40. What are the prime factors of c?
5
Let i = 52 - 49. Suppose 0 = 3*s - i*g - 579, 9*s - 4*s = 3*g + 963. List the prime factors of s.
2, 3
Suppose 5*c = t - 0*t - 26, -3*t + 5*c = -68. Let l = t - 14. Let g(h) = 5*h - 24. W